 12) in base 14?
363
Convert -27751 (base 10) to base 14.
-a183
-5e41 (base 15) to base 8
-47166
What is 221451 (base 6) in base 10?
18535
What is 303 (base 7) in base 4?
2112
Convert -144051 (base 6) to base 11.
-a456
2544 (base 14) to base 8
14600
10eb (base 16) to base 5
114311
13003200 (base 4) to base 11
1a78a
What is -22233123 (base 4) in base 16?
-abdb
What is -1a1 (base 11) in base 12?
-174
40533 (base 6) to base 13
25b3
What is 421 (base 8) in base 3?
101010
Convert 4217 (base 9) to base 7.
12010
-22021 (base 3) to base 12
-167
1141433 (base 5) to base 12
10531
Convert 121121 (base 4) to base 15.
735
Convert 6918 (base 10) to base 2.
1101100000110
What is -21322 (base 5) in base 11?
-110a
What is 523 (base 7) in base 9?
321
1874 (base 13) to base 8
7074
Convert 822 (base 9) to base 11.
558
Convert -7589 (base 10) to base 8.
-16645
Convert -110001100 (base 2) to base 10.
-396
Convert d36d (base 16) to base 13.
1b836
10a6 (base 13) to base 12
1425
What is -13332 (base 4) in base 13?
-303
Convert 334202 (base 6) to base 5.
1400104
65522 (base 7) to base 11
11343
What is f6 (base 16) in base 5?
1441
-64203 (base 7) to base 4
-3320013
What is 2925 (base 11) in base 7?
14005
What is -1051 (base 6) in base 3?
-100011
Convert 220020 (base 4) to base 13.
1227
363 (base 8) to base 2
11110011
What is -2b0e (base 16) in base 12?
-6466
What is 111011 (base 2) in base 8?
73
Convert 120100 (base 3) to base 14.
218
-3100 (base 5) to base 2
-110010000
Convert 5022 (base 7) to base 5.
23411
What is 424a3 (base 11) in base 6?
1154115
Convert 35 (base 14) to base 4.
233
What is 4e3 (base 15) in base 14?
597
-1362c (base 13) to base 15
-aad9
-129 (base 13) to base 8
-314
Convert -11430 (base 5) to base 16.
-361
cc0 (base 13) to base 11
1706
Convert 1bc5 (base 16) to base 11.
5383
-1132321 (base 4) to base 2
-1011110111001
Convert 3132 (base 6) to base 5.
10304
What is 348 (base 13) in base 8?
1067
What is -763 (base 16) in base 6?
-12431
5600 (base 10) to base 9
7612
-1003023 (base 4) to base 10
-4299
What is -10111011110 (base 2) in base 8?
-2736
What is 33b (base 15) in base 9?
1002
What is -38227 (base 9) in base 13?
-b911
What is 1bd (base 14) in base 5?
2423
-12433 (base 6) to base 3
-2121010
Convert -376 (base 10) to base 4.
-11320
Convert 1068 (base 15) to base 16.
d91
Convert 10b (base 14) to base 15.
dc
Convert -210111 (base 3) to base 12.
-404
-2a (base 15) to base 6
-104
Convert 6419 (base 11) to base 9.
12573
Convert 459 (base 11) to base 4.
20210
44be (base 16) to base 7
102210
Convert 64545 (base 7) to base 11.
11077
133133 (base 5) to base 14
1d90
What is 864 (base 9) in base 12?
4aa
What is 354 (base 14) in base 8?
1226
What is 85b4 (base 14) in base 11?
16391
9085 (base 11) to base 8
27450
-2630 (base 14) to base 4
-1220302
What is 12785 (base 16) in base 3?
10211202222
Convert 12010210 (base 3) to base 2.
111010100011
What is -1876 (base 10) in base 14?
-980
Convert -3010 (base 14) to base 11.
-6217
Convert -1200 (base 8) to base 3.
-212201
52142 (base 9) to base 5
2100012
Convert -c8c9 (base 14) to base 5.
-2102143
-25 (base 15) to base 3
-1022
Convert -10122 (base 4) to base 13.
-189
What is -925 (base 12) in base 14?
-6a9
Convert -77bb (base 12) to base 7.
-53423
Convert -1302 (base 7) to base 13.
-2bb
Convert 111222121 (base 3) to base 8.
23723
-302 (base 6) to base 11
-a0
Convert 1001001001111011 (base 2) to base 12.
1984b
Convert 773 (base 9) to base 10.
633
What is 94 (base 14) in base 6?
334
What is -200313 (base 4) in base 7?
-6063
Convert 5570 (base 15) to base 11.
1266a
What is 11101111011100 (base 2) in base 3?
210000120
735 (base 12) to base 6
4505
Convert 133000 (base 5) to base 11.
4047
What is -272 (base 9) in base 3?
-22102
What is 1188 (base 10) in base 2?
10010100100
-3033 (base 4) to base 3
-21200
What is 112023 (base 4) in base 16?
58b
b527 (base 12) to base 15
5cc4
-30313201 (base 4) to base 15
-1093a
Convert -25f7 (base 16) to base 3.
-111022222
-55062 (base 7) to base 9
-20783
Convert 31031 (base 4) to base 12.
5a5
16153 (base 10) to base 6
202441
What is -239d (base 16) in base 6?
-110113
1464 (base 10) to base 6
10440
Convert 1000111011011 (base 2) to base 3.
20021022
1a5c (base 13) to base 10
3964
What is -2201122 (base 3) in base 4?
-133010
6c (base 13) to base 15
60
What is -3304 (base 7) in base 2?
-10010011100
Convert 221 (base 10) to base 13.
140
-2010 (base 6) to base 7
-1164
-1230034 (base 5) to base 12
-11909
Convert -5678 (base 10) to base 3.
-21210022
What is -b9 (base 13) in base 15?
-a2
Convert 5b4a (base 14) to base 7.
64323
Convert -434411 (base 5) to base 16.
-3a85
310342 (base 5) to base 2
10011101110001
What is -2574 (base 9) in base 4?
-132022
What is 729 (base 13) in base 8?
2302
What is 1e5 (base 15) in base 8?
670
What is -2022 (base 5) in base 6?
-1114
Convert 13222 (base 5) to base 16.
426
Convert -13040 (base 5) to base 6.
-4420
11206 (base 8) to base 10
4742
What is -2269 (base 11) in base 15?
-d39
What is 520 (base 10) in base 2?
1000001000
-23211 (base 5) to base 7
-4621
Convert -360 (base 7) to base 13.
-117
359 (base 13) to base 12
405
What is -56174 (base 9) in base 15?
-b0d7
Convert 2301302 (base 4) to base 15.
3588
1a59 (base 12) to base 7
12303
3410 (base 6) to base 5
11143
What is -1017 (base 14) in base 7?
-11030
Convert -178 (base 12) to base 8.
-354
70578 (base 9) to base 6
554455
-23121 (base 4) to base 2
-1011011001
Convert -10625 (base 9) to base 6.
-52422
Convert -167a (base 12) to base 5.
-41221
What is 1100 (base 3) in base 11?
33
Convert -1201012112 (base 3) to base 5.
-2034213
-1001100010 (base 2) to base 10
-610
What is -20211 (base 3) in base 10?
-184
Convert 2323112 (base 4) to base 2.
10111011010110
12111122 (base 3) to base 13
1a99
What is -231 (base 10) in base 2?
-11100111
What is -454103 (base 6) in base 16?
-9657
Convert 47a (base 15) to base 10.
1015
What is -38a4 (base 15) in base 10?
-12079
175 (base 11) to base 5
1303
Convert -14231 (base 11) to base 15.
-5ee6
Convert -1011 (base 3) to base 14.
-23
Convert -83b (base 12) to base 16.
-4af
What is -35 (base 12) in base 16?
-29
305 (base 12) to base 15
1e2
45676 (base 8) to base 15
5b2a
-5a6 (base 12) to base 2
-1101001110
Convert 10182 (base 11) to base 5.
433402
Convert 9377 (base 11) to base 16.
308a
-52a5 (base 13) to base 6
-125014
Convert 134013 (base 6) to base 10.
12537
What is 1706 (base 9) in base 7?
3540
13020 (base 7) to base 12
1bb0
What is 2211 (base 6) in base 15?
241
2020212000 (base 3) to base 9
66760
3112423 (base 5) to base 3
2120221110
6072 (base 8) to base 9
4257
34 (base 6) to base 12
1a
Convert 40100 (base 6) to base 2.
1010001100100
What is -54672 (base 8) in base 5?
-1213340
2552 (base 13) to base 16
14ba
Convert -465 (base 13) to base 10.
-759
1101000100 (base 2) to base 4
31010
Convert 9 (base 16) to base 8.
11
-1084 (base 10) to base 3
-1111011
Convert -1111010101 (base 2) to base 16.
-3d5
-547 (base 9) to base 11
-378
Convert 1b69 (base 12) to base 2.
110101000001
-334 (base 12) to base 10
-472
Convert -17502 (base 8) to base 6.
-101014
Convert -669 (base 16) to base 2.
-11001101001
What is -100010000 (base 2) in base 13?
-17c
-1021002 (base 3) to base 13
-55a
What is -110a7 (base 13) in base 8?
-74257
444d (base 14) to base 6
130433
Convert -1102220 (base 3) to base 15.
-4a0
-5144 (base 15) to base 8
-41414
11323 (base 15) to base 2
1101010110110100
What is 162 (base 9) in base 7?
254
What is -624 (base 12) in base 5?
-12032
1746 (base 9) to base 4
110322
Convert -1000101010101 (base 2) to base 3.
-20002100
-1023413 (base 6) to base 10
-50049
Convert -41442 (base 7) to base 9.
-14853
What is 11208 (base 12) in base 7?
123233
What is -1356 (base 8) in base 12?
-526
22011 (base 5) to base 2
10111100010
2 (base 15) to base 7
2
What is -613 (base 10) in base 15?
-2ad
What is -512 (base 13) in base 5?
-11420
1066 (base 13) to base 4
203221
What is -203 (base 11) in base 7?
-500
100412 (base 5) to base 10
3232
Convert 1118 (base 10) to base 6.
5102
Convert 6260 (base 7) to base 5.
32243
Convert c1b (base 15) to base 10.
2726
124231 (base 6) to base 9
16471
Convert -1001101111 (base 2) to base 5.
-4443
3012 (base 5) to base 4
11332
-24 (base 16) to base 2
-100100
Convert -1020331